89379?
9
What is the thousands digit of 401159?
1
What is the tens digit of 15077831?
3
What is the hundred thousands digit of 395024?
3
What is the units digit of 11261621?
1
What is the ten thousands digit of 17956723?
5
What is the hundred thousands digit of 188477?
1
What is the thousands digit of 937245?
7
What is the ten thousands digit of 614530?
1
What is the units digit of 6274940?
0
What is the hundred thousands digit of 3342584?
3
What is the hundred thousands digit of 207273?
2
What is the hundred thousands digit of 506267?
5
What is the units digit of 1775117?
7
What is the ten thousands digit of 1398833?
9
What is the millions digit of 19506899?
9
What is the millions digit of 1171764?
1
What is the thousands digit of 12295006?
5
What is the thousands digit of 2501410?
1
What is the tens digit of 403454?
5
What is the ten thousands digit of 697406?
9
What is the units digit of 442121?
1
What is the thousands digit of 2964?
2
What is the ten thousands digit of 311210?
1
What is the units digit of 846045?
5
What is the thousands digit of 174167?
4
What is the units digit of 2079146?
6
What is the ten thousands digit of 1753947?
5
What is the hundred thousands digit of 1488949?
4
What is the ten millions digit of 10872086?
1
What is the hundreds digit of 60288?
2
What is the tens digit of 593450?
5
What is the tens digit of 27493720?
2
What is the units digit of 793071?
1
What is the units digit of 8673958?
8
What is the hundreds digit of 1307064?
0
What is the ten thousands digit of 9623443?
2
What is the thousands digit of 105412?
5
What is the hundred thousands digit of 7628138?
6
What is the tens digit of 790111?
1
What is the hundred thousands digit of 318027?
3
What is the tens digit of 106011?
1
What is the hundreds digit of 258396?
3
What is the millions digit of 4136254?
4
What is the units digit of 1269?
9
What is the hundred thousands digit of 629427?
6
What is the hundreds digit of 660899?
8
What is the ten thousands digit of 905135?
0
What is the hundreds digit of 12611779?
7
What is the hundred thousands digit of 3550747?
5
What is the ten thousands digit of 473208?
7
What is the ten thousands digit of 2322217?
2
What is the hundreds digit of 1753965?
9
What is the hundreds digit of 2672?
6
What is the units digit of 438868?
8
What is the hundred thousands digit of 5322626?
3
What is the ten thousands digit of 18457519?
5
What is the units digit of 260686?
6
What is the ten thousands digit of 2971968?
7
What is the hundreds digit of 105042?
0
What is the units digit of 5873736?
6
What is the thousands digit of 8228514?
8
What is the units digit of 1935068?
8
What is the hundred thousands digit of 1353397?
3
What is the ten thousands digit of 60140?
6
What is the millions digit of 1781673?
1
What is the ten thousands digit of 407813?
0
What is the millions digit of 2316271?
2
What is the tens digit of 207694?
9
What is the units digit of 334514?
4
What is the millions digit of 16232574?
6
What is the ten thousands digit of 6385326?
8
What is the ten thousands digit of 1955176?
5
What is the ten thousands digit of 267006?
6
What is the tens digit of 312190?
9
What is the thousands digit of 2129085?
9
What is the millions digit of 10718872?
0
What is the units digit of 288568?
8
What is the units digit of 287009?
9
What is the hundreds digit of 13627879?
8
What is the hundred thousands digit of 197816?
1
What is the hundred thousands digit of 11077942?
0
What is the hundreds digit of 16008804?
8
What is the hundreds digit of 7955471?
4
What is the millions digit of 6953381?
6
What is the hundred thousands digit of 310800?
3
What is the hundred thousands digit of 952878?
9
What is the hundred thousands digit of 1397179?
3
What is the units digit of 3896109?
9
What is the hundreds digit of 61460?
4
What is the ten thousands digit of 351257?
5
What is the ten thousands digit of 347292?
4
What is the tens digit of 3166379?
7
What is the tens digit of 155759?
5
What is the hundreds digit of 730420?
4
What is the hundred thousands digit of 205607?
2
What is the units digit of 112578?
8
What is the tens digit of 7109696?
9
What is the units digit of 4314?
4
What is the ten thousands digit of 4457255?
5
What is the units digit of 1997533?
3
What is the tens digit of 415974?
7
What is the hundred thousands digit of 2496671?
4
What is the tens digit of 41053003?
0
What is the hundreds digit of 4202566?
5
What is the thousands digit of 221377?
1
What is the tens digit of 4728117?
1
What is the units digit of 10604356?
6
What is the hundreds digit of 3574218?
2
What is the ten thousands digit of 240588?
4
What is the units digit of 300158?
8
What is the ten thousands digit of 535139?
3
What is the hundred thousands digit of 9003111?
0
What is the tens digit of 34972?
7
What is the hundreds digit of 1943238?
2
What is the units digit of 376998?
8
What is the units digit of 1072595?
5
What is the hundred thousands digit of 1671679?
6
What is the units digit of 217439?
9
What is the thousands digit of 84498?
4
What is the units digit of 6121215?
5
What is the hundreds digit of 4823988?
9
What is the millions digit of 7400489?
7
What is the hundred thousands digit of 801875?
8
What is the tens digit of 189188?
8
What is the ten millions digit of 21663055?
2
What is the thousands digit of 3800650?
0
What is the hundreds digit of 147797?
7
What is the ten millions digit of 10438384?
1
What is the thousands digit of 17493348?
3
What is the ten thousands digit of 176787?
7
What is the hundred thousands digit of 24394381?
3
What is the ten thousands digit of 206638?
0
What is the tens digit of 13405094?
9
What is the thousands digit of 1601393?
1
What is the tens digit of 234811?
1
What is the tens digit of 1929160?
6
What is the thousands digit of 1153370?
3
What is the hundred thousands digit of 1562283?
5
What is the ten thousands digit of 246993?
4
What is the tens digit of 538074?
7
What is the units digit of 70922?
2
What is the hundreds digit of 5717751?
7
What is the hundred thousands digit of 1671759?
6
What is the hundred thousands digit of 2380691?
3
What is the thousands digit of 356522?
6
What is the millions digit of 14373936?
4
What is the hundreds digit of 2797297?
2
What is the tens digit of 34629?
2
What is the units digit of 19155258?
8
What is the hundred thousands digit of 445835?
4
What is the ten thousands digit of 391805?
9
What is the units digit of 327975?
5
What is the hundreds digit of 2873534?
5
What is the units digit of 5127782?
2
What is the thousands digit of 6866484?
6
What is the hundred thousands digit of 8233386?
2
What is the millions digit of 7826286?
7
What is the ten thousands digit of 363658?
6
What is the hundreds digit of 29548?
5
What is the millions digit of 5744967?
5
What is the hundred thousands digit of 4480393?
4
What is the hundred thousands digit of 4657094?
6
What is the tens digit of 267370?
7
What is the ten thousands digit of 262289?
6
What is the thousands digit of 6575548?
5
What is the hundreds digit of 1944113?
1
What is the tens digit of 2575133?
3
What is the tens digit of 4317082?
8
What is the units digit of 504338?
8
What is the units digit of 1147729?
9
What is the ten thousands digit of 3195867?
9
What is the tens digit of 1224748?
4
What is the ten thousands digit of 4522806?
2
What is the thousands digit of 215856?
5
What is the ten thousands digit of 6405664?
0
What is the units digit of 1728780?
0
What is the hundred thousands digit of 1368261?
3
What is the hundreds digit of 9659779?
7
What is the thousands digit of 32141?
2
What is the thousands digit of 195277?
5
What is the hundreds digit of 7575357?
3
What is the units digit of 677511?
1
What is the hundred thousands digit of 821969?
8
What is the hundred thousands digit of 11703990?
7
What is the hundred thousands digit of 6221883?
2
What is the ten thousands digit of 617129?
1
What is the ten millions digit of 16210230?
1
What is the ten thousands digit of 143341?
4
What is the hundred thousands digit of 1236830?
2
What is the thousands digit of 42306?
2
What is the ten thousands digit of 228185?
2
What is the millions digit of 1209342?
1
What is the tens digit of 317491?
9
What is the hundreds digit of 866076